 (-15 + -1) - 10.
-3
(-2 - -1) + -3 + (2 - -5)
3
Calculate (0 - 3) + (-1 - -2) - 3.
-5
7 + -2 + 4 + 0 + -4
5
What is the value of 16 - (14 - 7) - 16?
-7
What is the value of (-1 - 0) + -1 + 6 + -6?
-2
Calculate -4 + 2 + (-6 - -1) + 2.
-5
Evaluate 56 + -57 + (0 - 0).
-1
Evaluate -2 + -5 + 14 - 4.
3
Evaluate 6 + -1 + -7 + -3.
-5
What is the value of 17 + -9 + -5 - -3?
6
What is (-12 - -2) + -45 + 47?
-8
Calculate -5 + 3 - (-4 + 1).
1
What is the value of 4 - (-5 - (-11 + 4)) - 0?
2
What is -5 - (0 - (7 + (-1 - 3)))?
-2
Evaluate 0 + (0 - -7) - (-32 + 44).
-5
Evaluate (12 - 1) + 8 + -11 + -5.
3
Calculate -8 + (-2 - -6) + -1.
-5
Calculate (11 - 5 - 3) + 0 + 5.
8
What is the value of (-6 - (-1 - (-3 + 9))) + 4?
5
Calculate -1 + -2 + (3 + 6 - 3).
3
What is -16 + 8 - (-4 - 0)?
-4
Calculate 2 + 0 + 16 + -20.
-2
-1 - -8 - (-2 + 14 - -4)
-9
6 + 3 - (16 - 9)
2
11 - 4 - (-2 - -3 - 0)
6
Evaluate 2 + 0 + -6 + 9.
5
Evaluate -5 + (5 - 3) + 10.
7
Calculate (5 - 8) + -1 + 2 + 2.
0
What is 1 + -6 + (-6 - (-16 - -6))?
-1
What is the value of -3 + -8 + 7 + -1?
-5
-7 + 3 + 5 + -9
-8
-3 + -1 + 4 + -6 + 3
-3
-6 + (-2 - (6 + -5 + 0))
-9
What is the value of (93 - 89) + -11 + (1 - -1)?
-5
Evaluate -6 - 4 - -2 - -10.
2
(-11 - -14) + 2 + -4
1
Calculate 3 + -6 + (13 + -3 - 3).
4
Evaluate -5 - (8 + -11) - (-8 + 1).
5
What is 7 - (-4 - (-3 + 4 - 6))?
6
What is 17 - 18 - (-2 - (0 - -3))?
4
What is the value of 0 + (0 - -10 - 9) + -3?
-2
Calculate 0 + (7 - (-7 + 12)) - -4.
6
-2 - (-2 + 0) - -1
1
Calculate (0 + 0 - 0) + 4.
4
Evaluate -1 + -8 + 3 + 1.
-5
What is the value of 3 + (-13 + 9 - (-2 + -1))?
2
0 + (-1 - 7) + 3
-5
4 - 4 - 1 - (2 + -1)
-2
What is the value of 2 + 1 + -8 + -1 + 4?
-2
What is the value of -3 - (0 + -5) - -3?
5
What is the value of -6 + (-2 - -3) + 4?
-1
Calculate (-1 - 0) + 1 + -3.
-3
What is the value of 4 - 3 - (1 + -3 - -5)?
-2
Calculate 21 + -24 + 1 + -1.
-3
Calculate 0 + -2 + 1 + (-27 - -27).
-1
Evaluate -4 + (1 - -11 - 7).
1
Evaluate (8 - 6) + -1 + (-2 - 0).
-1
What is the value of 1 + 0 - (5 + -1) - -3?
0
What is the value of -3 + ((2 - 5) + -2 - -3)?
-5
0 + (5 - -1) - 1
5
What is the value of -5 + -1 + 10 + -2?
2
What is the value of (2 - -2) + (-14 - -5 - 1)?
-6
What is the value of 2 + -3 + 3 - 2?
0
Evaluate 1 - (7 + -25 + 8).
11
Evaluate 5 - (-13 + 23) - (-6 + -1).
2
Calculate -5 + (22 - -4 - 12).
9
Evaluate (9 - (8 - 2)) + 2.
5
Calculate 2 + -4 + 4 + -6.
-4
Evaluate 4 - (5 - 1) - 0.
0
What is the value of (-3 - -2) + 5 - (-1 - -10)?
-5
2 + (2 + -10 - -7) - -1
2
What is the value of (-5 - (-1 - -1)) + 9 + 1?
5
Evaluate (-12 - -5 - -8) + -4.
-3
Calculate -4 - (6 + -2 - 8 - -1).
-1
What is the value of (9 - 12) + -2 + 0?
-5
What is the value of -5 - (2 + -3 + -2 - 6)?
4
Evaluate 4 + -13 + 6 - 0.
-3
What is 9 - (6 - 3) - (12 + -14)?
8
8 - (4 - (-3 - -4))
5
What is -7 - -4 - (-6 + 2)?
1
Calculate (3 - (-5 + 5)) + -2.
1
Evaluate -2 - -1 - (-8 - -1 - 2).
8
What is the value of -4 - (2 - (4 - 1 - -1))?
-2
Calculate 61 + -70 - (-2 + 3).
-10
Calculate -13 + 3 + 7 + -2.
-5
-8 + (-6 - (4 - 14))
-4
What is the value of (1 - 0) + (-17 - -5 - -16)?
5
Evaluate 4 + 15 + -2 + -5 + -2.
10
Evaluate 1 + (3 - -1 - (-9 - -13)).
1
What is the value of -9 - 1 - 5 - -10?
-5
What is the value of 0 + -2 + (3 - 6 - -1)?
-4
5 - -2 - (-5 - (-13 - -5))
4
What is 5 - ((21 - 11) + -3)?
-2
What is (13 - 16) + -1 + (-1 - 0)?
-5
Evaluate -2 + -5 + 9 + -7.
-5
What is -1 + 5 + -6 - 2 - 5?
-9
What is -1 + -1 + (-3 - -3)?
-2
-1 - -2 - (-2 + 6 + -9)
6
2 - (-3 + 3 + -1) - -1
4
Calculate -4 - -1 - (-14 + 13).
-2
-4 + 5 - (1 + 7 + -4)
-3
(4 + 4 - 2) + 0
6
Evaluate -2 + 10 + -18 + 10.
0
Evaluate (-3 - 1) + 7 + -1 + -1.
1
What is the value of 2 - (4 - 0 - -9) - -6?
-5
Evaluate -5 - (13 - (37 - 13)).
6
What is the value of 0 + 3 - 2 - -2?
3
Evaluate -1 + 0 - (2 + -8).
5
What is -8 + (2 - (-4 - 0))?
-2
-1 - -3 - 3 - 0
-1
-1 + 4 - (-1 - 3 - -2)
5
What is the value of (3 - (-4 + 3)) + -1 + -1?
2
Calculate -5 - (-3 - 4 - -6).
-4
What is 14 + (-8 - -6) - (3 + 4)?
5
What is the value of 8 + (-6 - (6 - 4))?
0
Calculate -15 + 3 - (-34 + 22).
0
Evaluate -10 + (-1 - -2) - -5.
-4
(-3 - ((-8 - -4) + 4)) + 2
-1
What is the value of 1 + (-14 - -12) - (1 - 3)?
1
Evaluate 3 - 0 - (1 - 3).
5
-4 + (9 + -7 - (1 + -1))
-2
-1 + 1 + -5 - -6
1
What is the value of (3 - 1 - (1 - 2)) + -5?
-2
8 - (5 + (0 - 2))
5
What is (-3 - -5 - 7) + 1?
-4
(9 - 8) + 2 + -4
-1
What is the value of -151 + 150 + (0 + 0 - -3)?
2
(-3 + 3 + 0 - -4) + -1
3
Evaluate (1 - 3) + 8 + (-6 - 1).
-1
What is the value of (0 - -4) + -3 + -1 - 2?
-2
What is the value of -1 + 2 - (-1 + 2)?
0
Calculate -5 + 3 - (0 + 1).
-3
(3 + 0 - -3) + -10
-4
What is the value of -6 - (-5 + 5 - 1)?
-5
Evaluate 3 + 1 + -1 + -2.
1
What is -5 - ((2 - (6 + 0)) + -2)?
1
What is -5 - -8 - 6 - (1 + -1)?
-3
6 + -2 + (-4 - -3) - -2
5
What is -1 - ((-14 - -2) + (16 - 11))?
6
What is the value of (3 - 2 - 3 - -3) + 1?
2
(-10 - -9 - 1) + -4
-6
Calculate (8 - (-3 - -8)) + -3.
0
What is -6 + 11 + 4 + -4?
5
What is (0 - (4 - 3) - -4) + -5?
-2
Calculate -2 + 8 + -12 + 9.
3
Evaluate -1 + (6 - (-4 + 11 + 3)).
-5
0 + 14 - (21 + -4)
-3
-8 + 6 - (-2 + 5)
-5
Calculate 15 - 1 - (-10 - -18).
6
Evaluate (1 - 1) + 0 + (5 - 8).
-3
What is -6 + (8 - 11) - -5?
-4
(0 - -8) + (69 - 76)
1
Calculate -6 + 2 + (12 - 5).
3
(-2 + 5 - 8) + (1 - -8)
4
-5 - -4 - 0 - (-3 - -1)
1
Calculate (-3 - (-6 - (-4 + 0))) + -1.
-2
(6 + 2 - (2 + 3)) + 6
9
Calculate (-5 - (2 - 5)) + (0 - 5).
-7
Calculate -1 + -3 + 3 + -5.
-6
What is -1 - (7 + (-4 - 5))?
1
Evaluate 7 + 2 + -6 + 0.
3
Calculate 5 - (0 - -9 - (-2 - -6)).
0
What is the value of -9 + 8 + -9 + 6?
-4
What is -7 + (6 - (4 - 0)) + 2?
-3
What is the value of 9 + -4 + (-3 - -5) + -2?
5
Evaluate -5 + 5 + -2 + 0 + -3.
-5
-4 - 1 - (-1 - -1)
-5
6 - 6 - (-3 + -1)
4
What is the value of 7 - 6 - ((2 - 1) + 2)?
-2
-39 - -39 - (4 + -3 + 2)
-3
What is the value of (12 - 7) + (-3 - (-6 - 0))?
8
1 + -7 + (49 - 48)
-5
What is the value of -3 + 9 + 3 + -5?
4
-3 - (-2 - (5 + -1)) - -3
6
What is the value of 0 + (34 + -43 - (-4 - -1))?
-6
Evaluate 5 + -1 - -2 - (-18 - -21).
3
What is (-19 + 8 - -5) + 4?
-2
What is the value of (10 - 6) + (-3 + 2 - -2)?
5
0 + (2 + -1 - (1 + -1))
1
Calculate (11 - ((10 - -1) + -5)) + -6.
-1
4 + (-1 - 6) - -7
4
(-7 - (-4 + -1)) + 3
1
What is the value of 0 - (3 - (2 - 4))?
-5
1 - 2 - -3 - 1
1
Calculate -5 - (4 + (-8 - -1)) - 3.
-5
-4 - -2 - (-2 - -2)
-2
What is 2 + -5 - (-2 - 0 - -2)?
-3
Evaluate (1 - -10) + (42 - 48).
5
-48 + 57 + (3 - 16)
-4
Calculate (0 + 0 - -3) + -6.
-3
Evaluate -2 + 1 - ((4 - 3) + 3).
-5
(-22 - -20) + (4 - (-1 - -2))
1
Calculate 1 - (6 - 4 - (1 + 0)).
0
Evaluate 8 + -5 - 1 - 4.
-2
What is -16 + -7 + 16 - 4?
-11
What is the value of 8 - (-1 + 2 + 5 + -3)?
5
What is the value of (30 - 26) + 1 + -2?
3
What is -4 + 8 - (2 + (-2 - 0))?
4
What is the value of -11 - (-4 + 5 + -4 + 0)?
-8
Calculate 3 + (6 - 4) + -10.
-5
Calculate -4 - ((-6 + 1 - -3) + 1).
-3
-7 - (5 + -10) - 2
-4
0 + (-4 - -1) + 2
-1
What is -1 - (13 + (8 - 16) - 4)?
-2
3 + -1 + (-9 - -12)
5
Evaluate 1 + 2 - -2 - (6 + 0).
-1
Calculate 8 - (1 - -11 - 5).
1
Calculate 0 + (-1 - 0 - (-26 - -18)).
7
(6 - -1) + -4 + -4 - -6
5
What is the value of 5 + -9 - (-1 + 1) - -3?
-1
Evaluate 1 + 2 - 1 - (-17 - -18).
1
What is the value of (14 - 10 - -4) + 1?
9
Evaluate 9 - (1 - (9 + -5 + -5)).
7
What is the value of 32 - 35 - (-1 - -1 - 2)?
-1
Calculate 0 - (-14 + (-1 - -9)).
6
Evaluate (3 - (-3 + 3)) + -5.
-2
-4 - (0 + (-3 - -2))
-3
-2 - (5 + -8 - (-3 - 1))
-3
Calculate 4 - 0 - 4 - 5.
-5
Calculate -13 - -9 - (-1 - 3).
0
What is the value of (-6 - (1 - 0)) + 5 - -1?
-1
What is -5 + (-1 - (-6 - -12 - 5))?
-7
-4 + (-4 - -7) + (0 - 1)
-2
Evaluate (-3 - 0) + (-9 - (-7 - -1)).
-6
-2 + 0 + 1 - 0
-1
(-22 - -19) + 5 + 4
6
What is 5 + 5 + (3 - 11)?
2
What is the value of -5 - -1 - (-13 - (-3 + 0))?
6
-3 - 6 - -10 - (1 - 1)
1
Evaluate 4 + (-2 - -1) + -1 + -2.
0
Calculate 4 - -1 - 0 - (5 + -5).
5
Evaluate -1 + 3 - (-7 - -10).
-1
What is the value of (-5 - (3 - 13)) + -3 + -5?
-3
Calculate -1 + (-1 - -3) + -15 + 10.
-4
Calculate -11 + 0 + 27 + -13.
3
What is 61 + -64 + (-3 - (2 - 3))?
-5
What is the value of -3 - (3 + (4 - 5))?
-5
What is 5 + (4 + -3 - 10)?
-4
Evaluate -1 - ((-4 - -6) + -6